. Let l be w(8). Let u = l + 11. Let g(n) = -n**2 - 5*n - 6. Determine g(u).
-6
Let l(d) = 3*d + 12. Let z(p) = 10 - 5 - 2 + 5*p + 15. Let a(c) = 8*l(c) - 5*z(c). Calculate a(5).
1
Let a(y) = -y**3 - 4*y**2 - 5*y - 4. Let u = 73 - 76. What is a(u)?
2
Let x(s) = 2*s**2 + 2*s - 1. Let j be x(1). Let y(c) = 0 - 3*c**2 - j + 1 + 4*c**2 + 5*c. What is y(-6)?
4
Suppose -v - 2*v - 33 = 0. Let z = -13 - v. Let n(b) = -b**3 - b**2 - 3*b - 2. Determine n(z).
8
Suppose 2*o = 9 + 9. Let t(l) = 8*l**3 - o*l**3 + l + 0 + 5*l**2 - 7. What is t(5)?
-2
Let a(w) = 7*w**3 + w. Let m be a(1). Let j(o) = -m - o + 4*o - 2*o. Calculate j(4).
-4
Let p be 4 + (1 + -1)/3. Let i(h) = -h**2 + 5*h + 5. Let o be i(p). Let q(u) = u - 1 + o + 0. Calculate q(-4).
4
Let d(o) = 2*o - 23 - 25 + 50. Give d(-2).
-2
Suppose 0 = -5*y - 3 - 2. Let t be (1 + y - 2) + 5. Let b(c) = 7*c**3 - 2*c**2 - 8*c - 3. Let i(a) = -a**3 + a. Let m(w) = b(w) + 6*i(w). Determine m(t).
0
Let n(h) = h + 8 + h**2 - 9*h - 3 + 3. Suppose 34 = 5*i - a, -3*a = -2*i + 8 + 16. What is n(i)?
-4
Let y(m) = m**3 - 5*m**2 + 3*m + 3. Let d = 11 + -7. Suppose d*i = 65 - 1. Suppose 0*v + i = -3*h - 5*v, -h = -3*v - 18. What is y(h)?
-6
Let p = -28 - -23. Let o(z) be the third derivative of z**2 + 0 - 1/4*z**4 + 0*z + z**3 - 1/60*z**5. Give o(p).
11
Let h(i) = -9*i - 91. Let q be h(-10). Let j be 1/(3/(-2) - -2). Let g(w) = 2*w - 2*w + 7*w**j. What is g(q)?
7
Let k(a) = a**3 + a + 1. Let q be ((-9)/6)/3*0. Suppose 3*f - 18 + 6 = q. Let y(v) = -v**3 + 5*v**2 - 3*v - 5. Let l be y(f). Determine k(l).
-1
Suppose 44*j - 46*j + 4 = 0. Let t(v) be the third derivative of -v**4/6 + v**3/6 - v**2. Give t(j).
-7
Let n(j) = 1 + 3*j + 3*j - 5*j. Let x be (0 - 5)/((-6)/18). Let l be 70/x*(-3)/2. Give n(l).
-6
Let k(r) = -2*r**3 - 5*r**2 + 3*r**3 - 5*r - r - 86 + 78. Determine k(6).
-8
Suppose 3 = i - 0. Let y(o) = 2 - 1 + i - 2*o. Give y(-3).
10
Let z(a) = -18*a**2 + 14*a**2 - 2 + 1. Suppose -3*i + i + 2 = 0. Determine z(i).
-5
Let n(r) = -7*r**2 + 7*r - 3. Let j(w) = 9*w**2 - 7*w + 3. Let b(d) = -4*j(d) - 5*n(d). Let x = 0 + -7. What is b(x)?
3
Let h(z) be the first derivative of z**3/3 + 7*z**2/2 - z - 10. Calculate h(-8).
7
Let j(b) be the first derivative of b**2/2 + 4*b - 3. Determine j(3).
7
Let v(i) be the second derivative of i**3/2 - 5*i**2/2 + 7*i. Calculate v(4).
7
Let s(u) = u**2 + 2*u + 2. Let z(c) = -4*c + 34. Let t be z(9). Determine s(t).
2
Let i(x) = 2*x**2 + x. Suppose 0 = -p - 3*p - 44. Let q = p + 13. Give i(q).
10
Let q be (1/(-2))/(1/6). Let a be ((-12)/9)/((-1)/q). Let t(h) = 5*h**2 + 2*h**2 - 3*h**2 + h**3 + 5. Give t(a).
5
Let b(s) = 2 - 1 - s**2 + 3 - 10*s. Let x be b(-10). Suppose 2*y + 2*y - x*l = 4, 5*l + 5 = 0. Let h(w) = -w**3 - w**2 + w + 1. Calculate h(y).
1
Let m(y) = 4 - 3 - 2 + 6*y**2 - y**3 - 1 - 4*y. Give m(5).
3
Let u(d) = 4 - 2 + 3 - d**2 - 1 + 5*d. What is u(6)?
-2
Let a = 6 + -13. Let j = -4 - a. Suppose -5*t + 3 = 2*g - 5*g, 0 = -j*t + 2*g + 2. Let m(q) = q**2 - 3. Give m(t).
-3
Suppose 7*j = 5*j + 6. Let n(d) = 1 - d**3 + 4*d - 1 + j*d**3 + 2*d**2 + 3. Determine n(-2).
-13
Let x(c) = c**3 + 9*c**2 + 12*c + 12. Suppose -5*z - 2 = -y, -3*z + 7*z = 3*y + 16. What is x(y)?
-20
Let i = 5 - 2. Suppose 24 = 3*c + 2*f, 2*c + 3*c = i*f + 21. Suppose c = -5*b + 3*b. Let w(m) = m**2 + 5*m + 3. Calculate w(b).
-3
Let g = 25 - 19. Let w(f) = f**3 - 5*f**2 - 8*f + 4. Determine w(g).
-8
Let u(n) be the first derivative of -3*n**2/2 - 3*n - 1. Let r(q) = q - 12. Let c be r(8). Calculate u(c).
9
Let q(k) = k**3 - 7*k**2 + 2*k - 9. Suppose 8*w - 27*w = -133. Determine q(w).
5
Let j = 43 + -46. Let b(h) = -h**3 - 3*h**2 - 4*h - 3. Calculate b(j).
9
Suppose 3*u = 7*u + f - 2, 5*f - 10 = 3*u. Let x(n) = -1 - 2 - n + 4 + u. Give x(5).
-4
Let l(r) = r**3 + 5*r**2 + 2*r + 1. Let t(c) = -c**3 - 7*c**2 - 5*c + 1. Suppose 11 + 13 = -4*f. Let u be t(f). Determine l(u).
-9
Suppose -2*x = x. Let s(a) = 2*a**3 + 3*a**2 + 2*a + 9. Let w(v) = -3*v**3 - 4*v**2 - 3*v - 8. Let y(b) = -4*s(b) - 3*w(b). Calculate y(x).
-12
Let l(b) = b**2 - 6*b - 6. Suppose -3*w - 21 = -2*p, 5*p + 3*w - 21 = -0*p. Determine l(p).
-6
Let i(k) = k**2 + 13*k + 4. Let h(j) = -j. Let o(s) = 3*h(s) + i(s). What is o(-10)?
4
Let i(y) = y**3 + 6*y**2 + 5*y + 6. Suppose -2*c - 28 = 4*t - 0*t, -t = 5*c + 25. Give i(t).
6
Suppose 2*z + 0*v + 23 = -5*v, -8 = -z + 4*v. Let c(m) = 15 - 12 + 2*m + 1. Give c(z).
-4
Let s = 0 + 0. Suppose s = 4*a - 2*p, 4*a - p + 0*p - 2 = 0. Let b(n) = -8*n. Determine b(a).
-8
Let d(v) be the third derivative of v**5/60 + v**4/12 + v**3/6 - v**2. Let r(c) = -c + 5. Let f be r(3). What is d(f)?
9
Let t be -5*-3*(-6)/(-45). Let a = -2 - -2. Suppose a = -t*w + 4*w + 4. Let j(i) = -2*i. Calculate j(w).
4
Let h(g) = -g**3 + 9*g**2 - 8*g - 9. Suppose -33*j - 24 = -36*j. What is h(j)?
-9
Suppose -4*a + 3*w = -5, -10 = -3*a - a - 2*w. Let v(y) = -2 - 22*y**a + 2 + 4*y + 23*y**2. Give v(-5).
5
Suppose -5*z + 8 = -z. Let o(q) = q**3 - 5*q**2 + 2*q + 2. What is o(z)?
-6
Let j(p) = -9*p**2 - 8*p + 2. Let h(g) = -20*g**2 - 17*g + 3. Let k(c) = -4*h(c) + 9*j(c). Let n be ((-9)/6)/(1/4). What is k(n)?
-6
Let y be ((-3)/2)/((-2)/(-12)). Let h = 5 + y. Let x(f) = -f**3 - 3*f**2 + f - 4. Determine x(h).
8
Suppose 6*m - 27 = 9. Let p(n) = 3*n**2 + 6 - n**3 - 3*n**2 + 6*n**2. What is p(m)?
6
Let z(d) = -8 + d - d + d + 0*d. What is z(6)?
-2
Let p(b) = 11*b + 5*b - 21*b - 7 - 6*b**2 + 13*b + b**3. Suppose 5*t + a - 95 = 0, 5*a = 4*t - 89 - 16. Suppose 5*h - t = h. What is p(h)?
8
Let o(q) = -4*q + 1 + 2 + 5*q**2 - 4*q**2 - 3*q. Give o(7).
3
Suppose -2*r - 2*h - 3 = 11, -4*h = -3*r - 21. Let u(l) = -3. Let g(o) = o - 5. Let z(n) = g(n) - 2*u(n). Calculate z(r).
-6
Let f(g) = -2*g + 2. Let i be (-8)/14*(10 - 5 - 12). What is f(i)?
-6
Let f(g) be the third derivative of 7/24*g**4 + 5/6*g**3 - 3*g**2 + 0*g + 0 - 1/15*g**5 - 1/120*g**6. Calculate f(-5).
-5
Suppose 3*a = -a + 8. Suppose -a*p - 3*p = -20. Let u(q) = 5*q**2 + 243*q - 248*q - 2*q**3 + 2 + q**3 + 0*q**3. Give u(p).
-2
Let w(n) be the second derivative of -n**3/3 + 5*n**2/2 + 28*n. Determine w(-5).
15
Let f(m) be the first derivative of -3/2*m**2 + 1/4*m**4 - 2*m**3 + 1 + 8*m. Give f(6).
-10
Let n(l) = -4 + 11 - 3*l + 4*l - 4*l. Let q = 2 + 3. Determine n(q).
-8
Let v(m) = -2*m - 2 - 3*m + m**2 - 4. Suppose 14 = 5*p - 11. Calculate v(p).
-6
Suppose m - 13 = 4*g, 2*m + 1 = -0*m - g. Let d(i) = 3*i - 2. Let a be d(m). Let c(h) = -h**2 + 0*h**2 - h**2. Give c(a).
-2
Let m(c) be the first derivative of -c**4/12 - c**3/2 - 4*c - 3. Let r(z) be the first derivative of m(z). Give r(-4).
-4
Suppose 3*v = 2*y + 10, -3*y + 8*y - 4*v = -18. Let l(j) be the third derivative of -j**6/60 - j**5/60 - j**3/6 + 7*j**2. Calculate l(y).
11
Suppose 0 = 4*o + 5*n + 21, o - 4*n + 16 = -4*o. Suppose -3 = -k + 4. Let d = o + k. Let w(s) = -s**3 + 3*s**2 + 3*s - 4. Determine w(d).
5
Let n(a) = -3*a - 2. Let f(y) = -10*y - 7. Let i(x) = -2*f(x) + 7*n(x). Give i(-2).
2
Let m = 8 + -6. Suppose -5*y - 36 = 2*v, -3*y = m*v - 3 + 23. Let f = 3 + y. Let c(p) = -p**3 - 6*p**2 - 7*p - 4. Give c(f).
6
Let y(k) be the first derivative of -k**4/4 + 2*k**3/3 + k**2 - k - 1. Determine y(3).
-4
Let h = -9 + 14. Suppose -5*o + 0 - h = 0, 1 = -r + 5*o. Let w(j) = j**3 + 6*j**2 - 6. Calculate w(r).
-6
Let n(i) = i**3 - 5*i**2 + i + 1. Let g(y) = y**3 + 6*y**2 + 4*y - 1. Let b be g(-5). Suppose -4*d = b*c - 36, -5*d = c - 5*c. What is n(d)?
-11
Let k(i) be the third derivative of i**7/840 - i**6/90 + i**5/60 - i**4/24 + i**3/6 - i**2. Let d(w) be the first derivative of k(w). Give d(3).
-4
Let n(f) = -4 + 0*f + 0*f - 8*f - f**2. Let y(b) = -b**3 - 10*b**2 + 11*b - 6. Let o be y(-11). Calculate n(o).
8
Let m(i) = -26*i - 6. Suppose 0 = -w + 17 - 6. Let n(g) = 5*g + 1. Let y(r) = w*n(r) + 2*m(r). Suppose -4*u + 0*u + 4 = 0. Give y(u).
2
Let x = -425 + 423. Let i(g) be the second derivative of g**3/2 + g**2 + g. Calculate i(x).
-4
Let p be (4 - 3)*-2 - -3. Let u be 3 + (25 - p)/(-4). Let y(q) = q**3 + 3*q**2 - 3*q - 3. Determine y(u).
6
Let r(s) be the second derivative of -s**4/8 + 4*s**2 + 4*s. Let t(w) be the first derivative of r(w). Let y = -1 - -3. Calculate t(y).
-6
Let c(d) be the third derivative of 0 + 0*d + 7/24*d**